 + 18. Let j be l(h). What is the greatest common divisor of j and 18?
18
Let o(u) = u**3 + 35*u**2 + 11*u + 495. Let g be o(-35). Calculate the highest common divisor of 1584 and g.
22
Suppose 154*o - 285 - 240179 = 41*o. What is the highest common factor of 3248 and o?
112
Let v = 199 + -109. Suppose -636 = -5*p + 3*n, 3*n + 115 = 2*p - 143. What is the greatest common divisor of p and v?
18
Let q(y) = 2*y**3 + 302*y**2 + 9*y + 2454. Let w be q(-151). Calculate the greatest common divisor of w and 5913.
219
Suppose 35 = n + 5*a, -126 = -5*n - 4*a - 14. Let t = 84 - 80. Calculate the greatest common factor of n and t.
4
Suppose -4*c = 136 - 2732. Calculate the highest common factor of c and 118.
59
Let i(o) = 4*o**2 + o + 17. Let u be i(11). Let k = -508 + u. Calculate the greatest common divisor of 6 and k.
2
Suppose -1885 - 2147 = -4*m. Suppose -10*r + 17*r = m. Calculate the highest common factor of 60 and r.
12
Suppose 3*s + x = 58, 4*s = 4*x + 27 + 29. What is the greatest common divisor of 1593 and s?
9
Suppose -71 = -26*y - 253. Let i be 1048*(-1)/y - 2/(-7). Calculate the highest common factor of i and 30.
30
Let z(n) = -24*n + 3. Let h be z(9). Let b = h - -148. Let w = b + 69. What is the greatest common divisor of w and 28?
4
Let y(t) = -t**3 - 9*t**2 - 17*t - 7. Let p be 12/(-5)*290/87 - -1. Let x be y(p). What is the greatest common divisor of 35 and x?
7
Let a(d) = 23*d - 2211. Let b be a(97). Calculate the greatest common factor of 445 and b.
5
Suppose c - 4*c = -432. Let w = 18131 - 18067. Calculate the greatest common divisor of c and w.
16
Let t be 5*-1*(11 - 10) + 3403 + 12. What is the greatest common divisor of 20 and t?
10
Let d be 116622/(-95)*(-60)/9. What is the greatest common factor of 12 and d?
12
Let l(g) = g**3 + 85*g**2 - 84*g + 412. Let f be l(-86). What is the highest common divisor of 1368 and f?
24
Let n = 2654 + -1910. Calculate the highest common divisor of n and 837.
93
Suppose -371 = 6*g - 15*g + 2149. What is the highest common divisor of 1540 and g?
140
Let p = 0 - -18. Let y = p + -18. Suppose 0 = 6*i - y*i - 510. What is the highest common divisor of i and 34?
17
Let b = 8032 - -648. What is the greatest common divisor of 140 and b?
140
Let u(t) = 2*t**3 - 4*t**2 + t + 3. Let o be u(3). Suppose -b - 18*i + 106 = -17*i, 4*i = -23*b + 2590. Calculate the greatest common divisor of o and b.
6
Let b be (-112)/(-16) - (2 - 3/(-3)). Suppose 4*d = v + 165, -20 + 8 = -b*v. What is the greatest common factor of 14 and d?
14
Suppose -5*c + 337 + 38 = 0. Let s(g) = 8*g**3 + 3*g**2 + 3*g + 25. Let n be s(0). What is the highest common factor of n and c?
25
Let n be 24/7*(105740/40 - -6). Calculate the highest common divisor of n and 12.
12
Let j = 2338 - 2000. What is the highest common factor of j and 702?
26
Let d = 223 - 130. Let o(r) = 2*r**2 - 9*r - 46. Let c be o(11). Let k = c - d. Calculate the highest common factor of 4 and k.
4
Let a(s) = 2*s**3 - 3*s + 2502*s**2 + s - 2500*s**2. Let f be a(1). What is the highest common divisor of f and 18?
2
Let j(k) = -k**3 + 9*k**2 - 3*k - 19. Let h be j(8). Suppose -v + h = o, o + 2*o = -15. Suppose -11 = 16*d - 43. What is the greatest common divisor of d and v?
2
Suppose 5*r - y + 23 - 1 = 0, -2 = -2*r - 5*y. Suppose 16*p = 52 + 428. Let t be 2/(r/(2 - p)). Calculate the greatest common factor of t and 154.
14
Suppose -8*b - 5*o + 71305 = -3*b, 2*o = -9*b + 128314. Suppose -8*r - b = -41*r. Calculate the highest common factor of 9 and r.
9
Let j be 6793 + -1 + 3 + 7 + 2. What is the greatest common factor of 2673 and j?
243
Let o be 210/(-147) - 8/14. Let a(v) = -25*v**3 - 4*v - 8. Let h be a(o). Suppose -u + h = 44. Calculate the highest common factor of u and 12.
12
Let a be (-9)/24 - (6 + (-675)/72). Suppose 0 = x + 5*c - 29, -x - 3 = -a*c - 64. Calculate the greatest common divisor of 784 and x.
49
Suppose 0 = -19*p + 4*p + 630. Suppose 0 = -g + 4*l + 14, 2*g + 14*l - 52 = 16*l. What is the greatest common divisor of g and p?
6
Let m(s) = 3*s**2 + 5*s - 8. Let x be -16 + (-1 + -3 + 0 - -8). Let z be (-10)/(-3) + x/(-18). Let k be m(z). Calculate the greatest common divisor of 12 and k.
12
Let u = 764 + -746. What is the greatest common divisor of u and 1314?
18
Let t be (5 + (10 - 12))*(10 + 0). Calculate the highest common factor of t and 4990.
10
Let s(w) be the first derivative of -2*w + 2/3*w**3 - 19/4*w**4 + 10 - 1/2*w**2. Let a be s(-1). Calculate the greatest common factor of 10 and a.
10
Let t(l) = 26*l**3 + 7*l**2 - 2*l - 2. Let c(u) = -2*u**3 + u**2. Let w(q) = 6*c(q) - t(q). Let m be w(-1). What is the greatest common factor of m and 370?
37
Let g(y) = 110*y - 1574. Let u be g(16). What is the highest common factor of 1209 and u?
93
Let q = 449 - 455. Let j be (-27 - -26)/(1 - (-8)/q). What is the greatest common factor of 3 and j?
3
Let u(x) = 41*x**2 + 4*x - 32. Let k be u(4). Suppose 26 - 10 = -4*n, -k = -4*a - 2*n. Calculate the greatest common factor of a and 2.
2
Let p = 118 - 108. Suppose 1782 = 18*x + 144. Let b = 121 - x. Calculate the highest common divisor of p and b.
10
Let g = -231 + 255. Suppose -g = -o + 3*h, 2*o - 11 - 45 = 4*h. Suppose 0*l + 2*l + 5*z = 2, -4 = 2*z. Calculate the greatest common divisor of o and l.
6
Let q be (3*(-12)/7 - (-6)/(-7)) + 188. Calculate the greatest common factor of 574 and q.
14
Suppose 0 = -4*r - 8, q = 6*q - 2*r - 19. Suppose 18 = -4*b + q*b. Let t be (-4)/b + -3 + 482/18. What is the greatest common factor of t and 36?
12
Let y = 192 - 150. Let t = -9 + y. What is the highest common factor of t and 264?
33
Suppose 3*j + 4*s - 9 = 5*s, -s = 3. Let u be (-4)/6 + j/((-30)/(-115)). Suppose 2*d - 43 = -u. Calculate the greatest common factor of d and 198.
18
Suppose -p - 64 + 54 = -5*c, -4*p = 4*c - 32. What is the highest common divisor of 97 and c?
1
Let q be (3*2 - 1)/(200/80). Suppose -4 = -u + 5*u, -98 = -4*p - q*u. What is the highest common divisor of p and 675?
25
Suppose -135*b - 311*b + 64670 = 0. Calculate the highest common factor of b and 1363.
29
Let i(p) = 101*p + 4977. Let u be i(-49). What is the highest common factor of 3689 and u?
7
Suppose z - 6*z = -15. Suppose -z*n - 2*g = -885 + 107, 2*g + 758 = 3*n. Calculate the greatest common factor of n and 16.
16
Let p = 15 - 14. Let r be 25 - -6 - (-4)/p. Let w be (-10)/(-35) - 96/(-7). What is the highest common divisor of w and r?
7
Suppose 93*y = 97*y + 4*p - 7276, 2*p = -3*y + 5462. Calculate the greatest common divisor of y and 128.
32
Let q = 58168 - 58148. Let x(f) = 2*f**2 + 12*f - 9. Let t be x(-9). Calculate the highest common divisor of q and t.
5
Let w = 567 - 565. Suppose 833 = w*l + 13. What is the highest common divisor of 10 and l?
10
Let y be (-693)/(-49) + (-1)/7*1. Let v be y/((-2320)/(-385) - 6). Calculate the highest common divisor of 77 and v.
77
Let b(y) = -y**2 + 20*y - 16. Let j be b(19). Suppose j*z = -2*z - 25, -4*z = 3*s - 13. Suppose 4*v - 9 - s = 0. What is the highest common factor of v and 25?
5
Suppose -7704*w + 179*w = -117119 - 48431. Let t(q) = -q**2 - q + 132. Let d be t(0). What is the highest common factor of d and w?
22
Suppose -4*l - j = 15 - 26, 4*j = -5*l. Let c be 272 + l/4*8. What is the greatest common factor of c and 168?
56
Suppose 11*p + 182 = 18*p. Suppose -27*i + 22 = -p*i. Let r = 482 + -306. Calculate the greatest common factor of r and i.
22
Let d be -4 + 216 + (-25)/5. Let n = d + -171. Let g(f) = -8*f**3 - 4*f**2 - 5*f - 4. Let i be g(-2). Calculate the highest common factor of i and n.
18
Let k(c) = 47*c**2 - 2*c + 9. Let u be k(2). Suppose -u = 11*z - 2624. Calculate the greatest common divisor of 13 and z.
13
Suppose -6*s = -122 + 26. Suppose 4*q - s = -4*q. Suppose 0 = q*o - 205 + 21. Calculate the highest common divisor of 23 and o.
23
Let b = -2020 + 2028. What is the greatest common divisor of 72 and b?
8
Suppose 0 = 4*f - 3*m - 101, -3*f + 205*m - 206*m + 92 = 0. Let y = 612 - 235. Calculate the greatest common divisor of f and y.
29
Suppose 0 = -9*g + 81*g - 32400. Calculate the greatest common factor of 20 and g.
10
Let w(z) = 45*z**2 + z + 1. Let l be w(-1). Suppose -3*a - l = 2*a. Let r be (-34)/(-153) + (-151)/a. Calculate the greatest common divisor of r and 34.
17
